ivisor of 2848 and 4106994?
178
What is the greatest common divisor of 2457 and 68360019?
273
What is the highest common factor of 9 and 127110645?
9
What is the greatest common divisor of 10 and 8139775?
5
Calculate the highest common factor of 667 and 82128.
29
Calculate the greatest common factor of 6693 and 356799.
69
What is the greatest common divisor of 58126428 and 6003?
207
What is the highest common divisor of 223 and 116018426?
223
What is the greatest common divisor of 243689 and 932698?
1237
Calculate the greatest common divisor of 6913286 and 460552.
5006
Calculate the highest common divisor of 4992390 and 3627.
117
Calculate the greatest common factor of 86160 and 11798535.
5385
Calculate the greatest common factor of 1183 and 4298658.
91
What is the highest common divisor of 11875822 and 224?
14
Calculate the greatest common divisor of 303061 and 64273.
11
What is the highest common factor of 115000 and 618500?
500
What is the highest common factor of 65 and 129813710?
65
Calculate the greatest common factor of 506043 and 47259.
531
Calculate the highest common factor of 72 and 687510.
18
Calculate the highest common divisor of 343329 and 5.
1
What is the greatest common factor of 2852152 and 965144?
4328
What is the greatest common divisor of 6 and 80659296?
6
Calculate the greatest common divisor of 179015867 and 105425.
4217
Calculate the greatest common factor of 7380784 and 240.
16
Calculate the greatest common divisor of 3242830 and 200.
10
Calculate the greatest common divisor of 9175 and 398975.
25
Calculate the highest common factor of 13649440 and 9310.
490
Calculate the highest common divisor of 11625 and 16935.
15
Calculate the highest common factor of 63100961 and 858.
11
What is the highest common divisor of 209238 and 16512?
258
Calculate the highest common factor of 6810 and 533493130.
2270
Calculate the greatest common divisor of 4354 and 5287622.
622
What is the highest common factor of 173505 and 22865?
1345
Calculate the highest common factor of 3023416 and 60724.
3196
What is the highest common divisor of 93833 and 124807?
911
Calculate the highest common factor of 77 and 383227273.
11
Calculate the highest common divisor of 3218368 and 704.
64
What is the highest common divisor of 674 and 871009189?
337
What is the highest common divisor of 85328 and 7375539?
5333
What is the greatest common divisor of 5304 and 13711384?
136
Calculate the greatest common divisor of 61321 and 18550.
53
What is the highest common factor of 8700327 and 135440?
1693
What is the greatest common divisor of 22411115 and 1975?
395
What is the greatest common factor of 8316 and 21786611?
77
What is the greatest common divisor of 11234244 and 4788?
1596
Calculate the highest common divisor of 6056 and 14759986.
1514
Calculate the highest common divisor of 70199638 and 466.
466
What is the highest common divisor of 966158 and 2162592?
5006
Calculate the greatest common factor of 42 and 74307016.
14
Calculate the greatest common divisor of 2201 and 846249.
71
Calculate the greatest common factor of 79960727 and 11.
11
What is the highest common divisor of 3378418 and 1712?
214
Calculate the greatest common factor of 592 and 10671244.
148
Calculate the highest common factor of 24756 and 69912.
12
Calculate the greatest common divisor of 74802480 and 240.
240
What is the highest common factor of 3132 and 2589468?
348
Calculate the greatest common factor of 52 and 1340092.
52
Calculate the highest common divisor of 316 and 39085171.
79
Calculate the highest common factor of 17 and 512108340.
17
What is the highest common factor of 3430 and 1281950?
10
Calculate the highest common factor of 24445868 and 284.
284
What is the greatest common factor of 1960 and 12630?
10
What is the greatest common factor of 1195536 and 10452?
12
Calculate the highest common divisor of 444906140 and 105.
35
Calculate the highest common divisor of 5234082 and 37240.
1862
What is the highest common factor of 36278 and 268532?
374
What is the highest common divisor of 3082 and 24509605?
1541
Calculate the highest common factor of 514825 and 865.
5
What is the highest common divisor of 225860 and 27970?
10
Calculate the highest common divisor of 5577 and 1135563.
429
What is the highest common factor of 296666 and 8584?
74
What is the greatest common factor of 134 and 210995998?
134
Calculate the greatest common factor of 22989 and 168877.
97
Calculate the greatest common factor of 658184288 and 16.
16
What is the highest common divisor of 12899859 and 483?
21
Calculate the highest common divisor of 304389 and 19746009.
9819
Calculate the highest common factor of 175337 and 579712.
647
Calculate the highest common factor of 5583 and 190011822.
5583
What is the greatest common divisor of 50143200 and 34?
34
Calculate the greatest common factor of 18369 and 2215113.
471
What is the highest common divisor of 389040 and 81840?
240
What is the highest common divisor of 115 and 16872140?
5
What is the highest common divisor of 6663823 and 21228?
1769
What is the greatest common divisor of 2239150 and 1725?
25
What is the highest common divisor of 1512 and 723408?
168
Calculate the highest common divisor of 1264 and 981101.
79
What is the highest common divisor of 11098 and 17973211?
5549
What is the highest common divisor of 1848 and 3503976?
168
Calculate the highest common divisor of 100656 and 102924.
108
Calculate the highest common factor of 425090232 and 15456.
3864
Calculate the greatest common factor of 3397 and 28444187.
79
Calculate the greatest common factor of 1967360 and 265408.
1856
Calculate the highest common divisor of 20 and 536328220.
20
Calculate the greatest common divisor of 371 and 72954924.
371
Calculate the highest common factor of 494675 and 12975.
25
What is the greatest common factor of 41954016 and 1716?
156
What is the greatest common factor of 7156910 and 5046?
1682
What is the greatest common divisor of 20672 and 43907005?
323
Calculate the greatest common factor of 10072 and 90402495.
1259
Calculate the highest common factor of 4 and 1558006.
2
Calculate the highest common factor of 2349 and 21065571.
261
Calculate the highest common factor of 41 and 458197591.
41
What is the highest common factor of 574 and 1361794?
14
What is the highest common divisor of 138 and 83889326?
46
Calculate the greatest common divisor of 47481 and 1932186.
969
What is the greatest common factor of 78 and 254010396?
6
What is the highest common divisor of 167670 and 23391?
207
What is the greatest common divisor of 1230933 and 396?
33
Calculate the greatest common divisor of 35 and 17747485.
35
Calculate the greatest common divisor of 801 and 863991708.
267
Calculate the highest common factor of 423412519 and 94.
47
Calculate the greatest common factor of 2002179 and 43044.
633
Calculate the greatest common divisor of 1660 and 89281440.
1660
Calculate the greatest common factor of 6405 and 83335.
35
Calculate the highest common factor of 299804 and 531188.
1244
Calculate the highest common factor of 21928358 and 246.
82
What is the highest common factor of 32225 and 6870?
5
Calculate the highest common divisor of 39 and 19644677.
13
What is the greatest common factor of 720496 and 1078?
98
Calculate the greatest common factor of 168 and 1388163.
21
Calculate the highest common divisor of 105456 and 62784.
48
Calculate the highest common factor of 2555418 and 12.
6
What is the highest common divisor of 339356 and 14588362?
3946
What is the greatest common factor of 1590 and 36693490?
530
Calculate the highest common factor of 4187701 and 51121.
469
What is the greatest common factor of 262517112 and 132?
132
Calculate the greatest common factor of 173935398 and 7917.
273
Calculate the highest common factor of 976 and 345931.
61
Calculate the highest common factor of 19922882 and 112.
14
What is the greatest common divisor of 186525187 and 261?
29
Calculate the highest common factor of 33156 and 2124.
36
What is the greatest common divisor of 8928 and 1148178?
186
Calculate the greatest common factor of 4275 and 114620445.
855
What is the highest common divisor of 750329951 and 14511?
4837
Calculate the highest common factor of 110700084 and 3292.
3292
